 prime number?
False
Let o(a) = -12*a - 26*a**2 + 23*a**3 - 19*a + 1 - 24*a**3 - 24. Is o(-27) a composite number?
False
Let y = -220616 - -313167. Is y composite?
False
Suppose 5*g - 3*d = 118627, -d + 23719 = -7*g + 8*g. Is g a prime number?
False
Suppose -4*m - 3*c + 142696 = 0, -6*m - c - 107009 = -9*m. Is m a composite number?
False
Let j be 16 - 5/(-15)*-6. Suppose j*p + 1149 = 17*p. Suppose 4022 = 3*v + p. Is v a composite number?
False
Suppose 36*f + 61542 = 12972 + 3719022. Is f a prime number?
True
Suppose 506 = -17*b - 4. Is (-4022)/((-25)/b*(-8)/10) prime?
False
Let m = 140316 - 72895. Is m prime?
True
Suppose 26*y = 25*y. Suppose 3*m + m = y. Let k(h) = h**3 + h**2 + h + 223. Is k(m) a prime number?
True
Let j(q) = 174*q**2 + 9*q + 61. Is j(-12) a prime number?
False
Suppose -5*z - 402 = -7*z. Suppose -2*m = -z - 1289. Suppose 0 = r - 4*a - 319, 2*a - 268 = -3*r + m. Is r prime?
False
Let h(s) = -49*s**3 + 6*s**2 + 5. Let f(u) be the second derivative of -u**5/20 - u**4/12 - u**2/2 - 10*u. Let r(d) = -5*f(d) - h(d). Is r(1) a prime number?
True
Is (1680/(-90) - -19)/((-1)/(-45273)) a prime number?
True
Suppose -5*x + 150556 = 4*x - 4001. Is x prime?
False
Suppose 3*t - 15 = 0, -11*f + 10*f + 5*t = -69656. Is f prime?
False
Let s = -8410 + 14901. Is s prime?
True
Suppose -5*l - 3*l = -848. Let k = l + -98. Suppose -k*m = -4*m - 436. Is m a composite number?
False
Suppose -2 = -c - 10. Let t(s) = -16*s**2 + 9*s - 21. Let i(a) = a**2 - a + 1. Let u(j) = -6*i(j) - t(j). Is u(c) composite?
True
Suppose v - 202025 = 4*g, -3*v - 10*g = -7*g - 606060. Is v prime?
True
Let c(g) = 7483*g + 9904. Is c(55) prime?
True
Let r = -50170 + 79317. Is r composite?
False
Let l be (-18)/(-45) - 206/(-10). Suppose 4*i - 20 = -0*i, 3*a = -3*i + l. Suppose -3472 = -a*u + 1194. Is u a composite number?
False
Let v = 223 - 170. Suppose v*z - 57*z + 23228 = 0. Is z a prime number?
True
Suppose 0*f - 3332450 = -5*f + 5*t, -4*t = -2*f + 1332974. Is f prime?
True
Let g(m) be the second derivative of -43*m**5/10 - m**4/12 - 11*m**3/6 - 47*m**2/2 + 2*m - 17. Is g(-4) a composite number?
True
Let l(m) = -18*m + 66. Let r be l(4). Is (r/9)/(2 - 21920/10959) a prime number?
False
Is 21 + -3 + -2 + 84975 a composite number?
False
Suppose 5*w + 17 = 7*w + 5*z, 4*w - 19 = 5*z. Let s(c) = -c**3 + 7*c**2 - 4*c - 16. Let v be s(w). Is 1 + v + 5382 - -2 composite?
False
Suppose 4679761 = -257*v + 21181988. Is v composite?
True
Let v = -12885 - -12886. Let k(t) = 229*t - 4 + 0 - 2. Is k(v) a prime number?
True
Let q(k) = 1463*k - 232. Is q(21) prime?
True
Let h(n) = 198*n**3 - 4*n**2 + 2. Let v be h(5). Is ((-3)/8)/((-51)/34)*v prime?
True
Let w be ((-4)/(-8)*0)/(-3 - 0). Suppose w*i + 5*i = 0, 4083 = 3*h - 3*i. Is h prime?
True
Let i = 48 + -46. Suppose 2*q = -2*y + 9 + 1241, i*y - 1873 = -3*q. Is q prime?
False
Let n(p) = 37*p - 5. Let r(y) = -y**2 - 3*y + 2. Let x be r(0). Suppose -11 + 7 = -x*s. Is n(s) prime?
False
Let z = -11 - -19. Suppose 0 = 6*d - z - 4. Let c(m) = 32*m**3 - 2*m**2 + m + 1. Is c(d) composite?
False
Let p be (-1)/1 - (0 + -1). Suppose -12*x - 925 + 4081 = p. Is x a prime number?
True
Let p = -172 + 174. Is (-2*1/p)/(11/(-46783)) prime?
True
Let p(y) = y**2 - 3*y + 33. Suppose 5*v - 99 = -2*j, 5*j - 273 = -v - 3*v. Suppose -4*f - 11 = j. Is p(f) a prime number?
True
Is (-4)/40 + (-97765545)/(-950) a prime number?
True
Let r(q) = -2*q**2 + 13*q - 3. Let c be r(6). Suppose c*v = -g + 5944 - 952, -2*v - 3*g = -3335. Is v a composite number?
False
Suppose -k + 7*k + 24 = 0. Let l be k/18 + 24352/72. Let j = l - 179. Is j prime?
False
Let f = -239 - -174. Is (-4)/26 + 5 + (-125395)/f prime?
False
Is (-449662)/(-6)*(33 - 30) a prime number?
True
Let c(t) = -6*t**3 - 22*t**2 + 31*t + 247. Is c(-30) prime?
False
Let u(l) = l**2 - 18*l - 20. Let s be u(20). Suppose -5*f + f + s = 0. Suppose -2*v + 638 - 140 = 4*d, 0 = f*v - 2*d - 1257. Is v composite?
False
Let p(z) = 165*z**2 - 80*z + 38. Is p(-29) a prime number?
False
Let g = -239 - -243. Let a(m) = 40*m**3 - m**2 + 3*m + 7. Is a(g) a prime number?
False
Suppose -3*u + c = 21 - 1, -4*u = -4*c + 40. Let w be -6*(u/2 - -2). Suppose 390 + 4 = y + w*x, 768 = 2*y + x. Is y composite?
True
Let s be 4688/5 - 6/(-15). Suppose -2*h + 5*o = -835, -29*h + 2000 = -24*h + 5*o. Let l = s + h. Is l a prime number?
False
Is (-5)/(825/(-31447383))*(5 + 0) prime?
False
Is 0 + (4 - 4) + (-347977)/(-7) a composite number?
False
Suppose 666 - 1962 = 9*k. Let o = -2 + 1. Is k/(-6) - (-1)/o composite?
False
Let y(f) = -f**2 - 6*f + 9. Let s be y(-7). Let x(i) = 1618*i**2 - 1534*i**2 + s*i + 1 - i. Is x(2) a prime number?
False
Suppose 47*l = 43*l - 4, d = l + 2737. Let y = d + 5795. Is y prime?
False
Let f be 3/(-15) - 9/((-180)/64). Let w(o) = 38*o**3 + 3*o**2 + 7*o - 7. Is w(f) composite?
True
Is 32876 + ((-3)/3)/((-935)/(-77) + -12) a composite number?
False
Let p(f) = 2*f**2 - 45*f + 2516. Is p(-65) a prime number?
False
Is 47/((-423)/54) + 39785 a prime number?
True
Let x = 568591 + -404120. Is x a composite number?
False
Let h(g) = -1. Let n(w) = -1358*w + 29. Let z(k) = -6*h(k) - n(k). Is z(9) composite?
True
Let l(n) = 20*n**2 - 5*n - 23. Suppose 15*o = 2*o - 143. Let i be l(o). Let m = i + -1701. Is m composite?
False
Let a(j) = -26*j**3 - 4*j**2 + 30*j + 14. Let n(d) = -5*d**3 - d**2 + 6*d + 3. Let m(y) = -3*a(y) + 16*n(y). Is m(-3) a composite number?
True
Suppose 9*k = 4*k - 1605. Let m = k + 2399. Is m/6 + ((-32)/12)/(-4) composite?
False
Let b(q) = -q + 4. Let x be b(4). Suppose -5*y + 22 = 3*m, 4*y - 12 = -4*m + 3*m. Suppose x = -2*u - 5*n + 91, u - 184 = -y*u + 2*n. Is u prime?
False
Let z(h) = -4643*h - 641. Is z(-14) composite?
True
Let l(w) = -13506*w - 125. Is l(-13) composite?
False
Let p be (33 + 5/((-20)/16))*-7. Let s = p + 334. Is s composite?
False
Suppose -1 = 3*f - 58. Suppose -f*c = -15*c - 3404. Is c a prime number?
False
Let o be -7 - (-2 - -2) - -2. Let u be (5 - -1)*(9330/(-4))/o. Let p = -1040 + u. Is p composite?
False
Let c = 780 + -176. Suppose 0 = -f - q + 66 + c, -5*q = f - 658. Suppose 92*h + f = 93*h. Is h a prime number?
True
Suppose 3*v = -5*w + 39104, -3*w - 78091 = -5*v - 12861. Is v a composite number?
False
Let b(m) = -m**3 - 12*m**2 + 11*m - 23. Let s be b(-13). Is (-6 + (-7622)/(-6))/(s/9) composite?
False
Suppose 4*f = -3*c + 16379, -5*c - 5200 - 7077 = -3*f. Let g = 7033 - f. Is g composite?
False
Let l(y) = 794*y**2 - 107*y + 526. Is l(5) prime?
True
Suppose 0 = x - 2*m + 30, 2*x - 3*m + 45 = -2*m. Is 824/20*(-50)/x a composite number?
False
Suppose r + 2*k - 66218 - 868437 = 0, 3*r - 2804028 = 3*k. Is r a composite number?
False
Let w = 35 + -25. Let u be (-4)/((-21)/50 - w/(-20)). Is (-6244)/(-5) + (-10)/u prime?
True
Let x = 127 - 68. Let l(v) = -8*v**2 + 4*v + 11 + x*v**2 - v + 2*v. Is l(-5) composite?
True
Let m(d) = 1219*d**2 - 74*d + 505. Is m(8) a prime number?
True
Suppose 1334 - 638 = l. Let f = l + 3293. Is f a prime number?
True
Suppose 2*v - 4*k - 396 = -3*v, -3*v + 4*k = -236. Is 157808/v + (17/5 - 3) a composite number?
False
Let l(i) = 274*i**3 + 8*i**2 - 24*i + 14. Let z be l(4). Suppose -d - 3*v - 3933 + z = 0, 3*v = 0. Is d composite?
False
Suppose -5*m + 296098 = 4*z, 74*z = 77*z + 4*m - 222075. Is z a prime number?
True
Let p(b) = b**3 + 4*b**2 + 4*b + 5. Let r be p(-3). Let u be r/(12/(-8) + 2). Suppose u*s - 68 = 24. Is s a prime number?
True
Let m = -102747 - -173848. Is m prime?
False
Let r = 44179 + 19884. Is r a prime number?
True
Let j(p) = 70*p - 29. Let r(t) = 4*t**2 + 21*t + 1. Let l be r(-6). Suppose 3*n - o = -5*o + 22, -3*n - o + l = 0. Is j(n) a composite number?
True
Let y = 938388 - 179194. Is y prime?
False
Let w = 81 - -68. Let y = 442 + w. Is y composite?
True
Let x = 49060 + 91839. Is x prime?
False
Suppose -3*c = -5*j + 18 - 7, -2*c = 5*j - 26. Suppose -f = j, -4*f + f = 5*b - 25843. Is b composite?
False
Let u = 65 - -162. Suppose 0 = u*f - 220*f - 4291. Is f a prime number?
True
Let q(z) be the first derivative of -27*z**4/4 - 5*z**3/3 - 3*z**2/2 - z - 159. Let p be ((-9)/12)/(1/8). Is q(p) prime?
True
Let w = 5324 - 3016. Let l = -407 + w. Is l composite?
False
Let x be ((-4)/(-20))/(-1 - 336/(-335)). Suppose -19*l + x*l = 9470